{"id":39,"date":"2018-01-18T13:20:09","date_gmt":"2018-01-18T12:20:09","guid":{"rendered":"http:\/\/fotoklub-zamek.pl\/?page_id=39"},"modified":"2018-01-18T16:42:02","modified_gmt":"2018-01-18T15:42:02","slug":"regulamin","status":"publish","type":"page","link":"https:\/\/fotoklub-zamek.pl\/index.php\/regulamin\/","title":{"rendered":"Regulamin"},"content":{"rendered":"<table class=\"contentpaneopen\">\n<tbody>\n<tr>\n<td valign=\"top\">Podstawowymi formami dzia\u0142alno\u015bci F.K. \u201eZAMEK\u201d s\u0105 spotkania, plenery, konkursy, wystawy zbiorowe oraz szkolenia warsztatowe.<\/p>\n<p>Cz\u0142onkiem Klubu mo\u017ce zosta\u0107 ka\u017cda osoba powy\u017cej 16 roku \u017cycia interesuj\u0105ca si\u0119 fotografi\u0105 lub diaporam\u0105, maj\u0105ca odpowiedni\u0105 wiedz\u0119 i do\u015bwiadczenie w tej dziedzinie i akceptuj\u0105ca niniejszy regulamin, kt\u00f3ra z\u0142o\u017cy podpisan\u0105 deklaracj\u0119 i zostanie przyj\u0119ta w poczet cz\u0142onk\u00f3w.<\/p>\n<p>Cz\u0142onkowie F. K. \u201eZamek\u201d dziel\u0105 si\u0119 na:<\/p>\n<p>a\/ cz\u0142onk\u00f3w rzeczywistych,<\/p>\n<p>b\/ cz\u0142onk\u00f3w kandydat\u00f3w,<\/p>\n<p>c\/ cz\u0142onk\u00f3w honorowych,<\/p>\n<p>d\/ sympatyk\u00f3w.<\/p>\n<p>Decyzj\u0119 o przyj\u0119ciu kandydata i statusie cz\u0142onka Fotoklubu \u201eZamek\u201d podejmuje jego opiekun, wyznaczony przez dyrekcj\u0119 Zamku Ksi\u0105\u017c\u0105t Pomorskich w Szczecinie, po zapoznaniu si\u0119 z przedstawionymi pracami kandydata i jego dotychczasowymi osi\u0105gni\u0119ciami. Okres kandydowania nie mo\u017ce by\u0107 d\u0142u\u017cszy ni\u017c p\u00f3\u0142 roku (nie dotyczy kandydat\u00f3w poni\u017cej 18 roku \u017cycia).<\/p>\n<p>Cz\u0142onkowie honorowi i rzeczywi\u015bci F.K. \u201eZamek\u201d maj\u0105 prawo do korzystania z wszelkich udogodnie\u0144 i imprez organizowanych przez F.K. \u201eZamek.<\/p>\n<p>Cz\u0142onkostwo w Klubie nie daje uprawnie\u0144 do zawodowego wykonywania prac z zakresu fotografii.<\/p>\n<p>Wystawy i pokazy indywidualne cz\u0142onk\u00f3w kandydat\u00f3w i cz\u0142onk\u00f3w rzeczywistych wymagaj\u0105 pozytywnej opinii opiekuna Klubu.<\/p>\n<p>Utrata cz\u0142onkostwa nast\u0119puje na skutek:<\/p>\n<p>&#8211; pisemnej rezygnacji z udzia\u0142u w pracach FK \u201eZamek\u201d,<\/p>\n<p>&#8211; na podstawie decyzji opiekuna wynikaj\u0105cej z dzia\u0142alno\u015bci na szkod\u0119 klubu lub\u00a0 jego cz\u0142onk\u00f3w,<\/p>\n<p>&#8211; zaprzestania czynnego udzia\u0142u w spotkaniach i dzia\u0142aniach programowych przez okres 6 miesi\u0119cy bez uzasadnionej przyczyny.<\/td>\n<\/tr>\n<\/tbody>\n<\/table>\n<p><span class=\"article_separator\">\u00a0<\/span><\/p>\n","protected":false},"excerpt":{"rendered":"<p>Podstawowymi formami dzia\u0142alno\u015bci F.K. \u201eZAMEK\u201d s\u0105 spotkania, plenery, konkursy, wystawy zbiorowe oraz szkolenia warsztatowe. Cz\u0142onkiem Klubu mo\u017ce zosta\u0107 ka\u017cda osoba powy\u017cej 16 roku \u017cycia interesuj\u0105ca si\u0119 fotografi\u0105 lub diaporam\u0105, maj\u0105ca odpowiedni\u0105 wiedz\u0119 i do\u015bwiadczenie w tej dziedzinie i akceptuj\u0105ca niniejszy regulamin, kt\u00f3ra z\u0142o\u017cy podpisan\u0105 deklaracj\u0119 i zostanie przyj\u0119ta w poczet cz\u0142onk\u00f3w. Cz\u0142onkowie F. K. \u201eZamek\u201dContinue reading &rarr;<\/p>\n","protected":false},"author":1,"featured_media":0,"parent":0,"menu_order":0,"comment_status":"closed","ping_status":"closed","template":"","meta":{"ngg_post_thumbnail":0,"footnotes":""},"class_list":["post-39","page","type-page","status-publish","hentry","no-thumb"],"_links":{"self":[{"href":"https:\/\/fotoklub-zamek.pl\/index.php\/wp-json\/wp\/v2\/pages\/39","targetHints":{"allow":["GET"]}}],"collection":[{"href":"https:\/\/fotoklub-zamek.pl\/index.php\/wp-json\/wp\/v2\/pages"}],"about":[{"href":"https:\/\/fotoklub-zamek.pl\/index.php\/wp-json\/wp\/v2\/types\/page"}],"author":[{"embeddable":true,"href":"https:\/\/fotoklub-zamek.pl\/index.php\/wp-json\/wp\/v2\/users\/1"}],"replies":[{"embeddable":true,"href":"https:\/\/fotoklub-zamek.pl\/index.php\/wp-json\/wp\/v2\/comments?post=39"}],"version-history":[{"count":2,"href":"https:\/\/fotoklub-zamek.pl\/index.php\/wp-json\/wp\/v2\/pages\/39\/revisions"}],"predecessor-version":[{"id":95,"href":"https:\/\/fotoklub-zamek.pl\/index.php\/wp-json\/wp\/v2\/pages\/39\/revisions\/95"}],"wp:attachment":[{"href":"https:\/\/fotoklub-zamek.pl\/index.php\/wp-json\/wp\/v2\/media?parent=39"}],"curies":[{"name":"wp","href":"https:\/\/api.w.org\/{rel}","templated":true}]}}